{"id":160,"date":"2020-07-04T19:10:33","date_gmt":"2020-07-04T22:10:33","guid":{"rendered":"http:\/\/steaque.themezinho.net\/?page_id=160"},"modified":"2021-10-26T16:46:52","modified_gmt":"2021-10-26T19:46:52","slug":"contato","status":"publish","type":"page","link":"https:\/\/tajbar.com.br\/tajbc\/contato\/","title":{"rendered":"Contato"},"content":{"rendered":"<p>[vc_row use_container=&#8221;yes&#8221; css=&#8221;.vc_custom_1628947437556{margin-bottom: -90px !important;}&#8221;][vc_column width=&#8221;1\/3&#8243;][ts_contact_box icon=&#8221;168&#8243; title=&#8221;Endere\u00e7o&#8221; description=&#8221;Av. Atl\u00e2ntica, 5710 &#8211; Centro, Balne\u00e1rio Cambori\u00fa &#8211; SC, 88330-036&#8243;][\/vc_column][vc_column width=&#8221;1\/3&#8243;][ts_contact_box icon=&#8221;169&#8243; title=&#8221;Telefone&#8221; description=&#8221;(47) 3264-0464&#8243;][\/vc_column][vc_column width=&#8221;1\/3&#8243;][ts_contact_box icon=&#8221;424&#8243; title=&#8221;Reservas&#8221; description=&#8221;47 99651-0169&#8243;][\/vc_column][\/vc_row][vc_row][vc_column][vc_gmaps link=&#8221;#E-8_JTNDaWZyYW1lJTIwc3JjJTNEJTIyaHR0cHMlM0ElMkYlMkZ3d3cuZ29vZ2xlLmNvbSUyRm1hcHMlMkZlbWJlZCUzRnBiJTNEJTIxMW0xNCUyMTFtOCUyMTFtMyUyMTFkMTQyMTkuMDMwMjA2NTQ0MTUyJTIxMmQtNDguNjA2NzMyNCUyMTNkLTI3LjAwNjIxODIlMjEzbTIlMjExaTEwMjQlMjEyaTc2OCUyMTRmMTMuMSUyMTNtMyUyMTFtMiUyMTFzMHgwJTI1M0EweDEwMjgyOWMwNDM2Zjg2NjYlMjEyc1RhaiUyNTIwQmFyJTIxNWUwJTIxM20yJTIxMXNwdC1CUiUyMTJzYnIlMjE0djE2MzAxNTg4NjYzMDclMjE1bTIlMjExc3B0LUJSJTIxMnNiciUyMiUyMHdpZHRoJTNEJTIyNjAwJTIyJTIwaGVpZ2h0JTNEJTIyNDUwJTIyJTIwc3R5bGUlM0QlMjJib3JkZXIlM0EwJTNCJTIyJTIwYWxsb3dmdWxsc2NyZWVuJTNEJTIyJTIyJTIwbG9hZGluZyUzRCUyMmxhenklMjIlM0UlM0MlMkZpZnJhbWUlM0U=&#8221;][\/vc_column][\/vc_row]<\/p>\n","protected":false},"excerpt":{"rendered":"<p>[vc_row use_container=&#8221;yes&#8221; css=&#8221;.vc_custom_1628947437556{margin-bottom: -90px !important;}&#8221;][vc_column width=&#8221;1\/3&#8243;][ts_contact_box icon=&#8221;168&#8243; title=&#8221;Endere\u00e7o&#8221; description=&#8221;Av. Atl\u00e2ntica, 5710 &#8211; Centro, Balne\u00e1rio Cambori\u00fa &#8211; SC, 88330-036&#8243;][\/vc_column][vc_column width=&#8221;1\/3&#8243;][ts_contact_box icon=&#8221;169&#8243; title=&#8221;Telefone&#8221; description=&#8221;(47) 3264-0464&#8243;][\/vc_column][vc_column width=&#8221;1\/3&#8243;][ts_contact_box icon=&#8221;424&#8243; title=&#8221;Reservas&#8221; description=&#8221;47 99651-0169&#8243;][\/vc_column][\/vc_row][vc_row][vc_column][vc_gmaps link=&#8221;#E-8_JTNDaWZyYW1lJTIwc3JjJTNEJTIyaHR0cHMlM0ElMkYlMkZ3d3cuZ29vZ2xlLmNvbSUyRm1hcHMlMkZlbWJlZCUzRnBiJTNEJTIxMW0xNCUyMTFtOCUyMTFtMyUyMTFkMTQyMTkuMDMwMjA2NTQ0MTUyJTIxMmQtNDguNjA2NzMyNCUyMTNkLTI3LjAwNjIxODIlMjEzbTIlMjExaTEwMjQlMjEyaTc2OCUyMTRmMTMuMSUyMTNtMyUyMTFtMiUyMTFzMHgwJTI1M0EweDEwMjgyOWMwNDM2Zjg2NjYlMjEyc1RhaiUyNTIwQmFyJTIxNWUwJTIxM20yJTIxMXNwdC1CUiUyMTJzYnIlMjE0djE2MzAxNTg4NjYzMDclMjE1bTIlMjExc3B0LUJSJTIxMnNiciUyMiUyMHdpZHRoJTNEJTIyNjAwJTIyJTIwaGVpZ2h0JTNEJTIyNDUwJTIyJTIwc3R5bGUlM0QlMjJib3JkZXIlM0EwJTNCJTIyJTIwYWxsb3dmdWxsc2NyZWVuJTNEJTIyJTIyJTIwbG9hZGluZyUzRCUyMmxhenklMjIlM0UlM0MlMkZpZnJhbWUlM0U=&#8221;][\/vc_column][\/vc_row]<\/p>\n","protected":false},"author":1,"featured_media":0,"parent":0,"menu_order":0,"comment_status":"closed","ping_status":"closed","template":"page-builder.php","meta":{"om_disable_all_campaigns":false,"footnotes":""},"class_list":["post-160","page","type-page","status-publish","hentry"],"_links":{"self":[{"href":"https:\/\/tajbar.com.br\/tajbc\/wp-json\/wp\/v2\/pages\/160","targetHints":{"allow":["GET"]}}],"collection":[{"href":"https:\/\/tajbar.com.br\/tajbc\/wp-json\/wp\/v2\/pages"}],"about":[{"href":"https:\/\/tajbar.com.br\/tajbc\/wp-json\/wp\/v2\/types\/page"}],"author":[{"embeddable":true,"href":"https:\/\/tajbar.com.br\/tajbc\/wp-json\/wp\/v2\/users\/1"}],"replies":[{"embeddable":true,"href":"https:\/\/tajbar.com.br\/tajbc\/wp-json\/wp\/v2\/comments?post=160"}],"version-history":[{"count":14,"href":"https:\/\/tajbar.com.br\/tajbc\/wp-json\/wp\/v2\/pages\/160\/revisions"}],"predecessor-version":[{"id":539,"href":"https:\/\/tajbar.com.br\/tajbc\/wp-json\/wp\/v2\/pages\/160\/revisions\/539"}],"wp:attachment":[{"href":"https:\/\/tajbar.com.br\/tajbc\/wp-json\/wp\/v2\/media?parent=160"}],"curies":[{"name":"wp","href":"https:\/\/api.w.org\/{rel}","templated":true}]}}